ors of 47410566?
2, 3, 7, 1128823
What are the prime factors of 1979040898?
2, 137, 52721
List the prime factors of 1727373702.
2, 3, 283, 1017299
List the prime factors of 141724478.
2, 7, 17, 595481
List the prime factors of 1002598407.
3, 47, 317, 7477
What are the prime factors of 153778315?
5, 30755663
List the prime factors of 37409551.
613, 61027
What are the prime factors of 1631879466?
2, 3, 7, 59, 658547
What are the prime factors of 21861397?
71, 163, 1889
List the prime factors of 3580627575.
3, 5, 7, 1697, 4019
List the prime factors of 625564381.
13, 48120337
What are the prime factors of 142309229?
103, 1381643
What are the prime factors of 123819113?
11, 3217, 3499
List the prime factors of 1480513098.
2, 3, 19, 503, 25819
List the prime factors of 1008314266.
2, 683, 738151
What are the prime factors of 673009897?
7, 137, 701783
What are the prime factors of 116908148?
2, 7, 4175291
List the prime factors of 141098908.
2, 37, 239, 3989
What are the prime factors of 320250978?
2, 3, 17791721
List the prime factors of 262009716.
2, 3, 4007, 5449
What are the prime factors of 100645264?
2, 1601, 3929
List the prime factors of 40425213.
3, 13475071
What are the prime factors of 27276607?
27276607
List the prime factors of 74154146.
2, 11, 449, 7507
List the prime factors of 48252497.
5281, 9137
What are the prime factors of 199705145?
5, 173, 230873
List the prime factors of 5407498262.
2, 2671, 1012261
List the prime factors of 208146461.
208146461
List the prime factors of 3005172364.
2, 23, 31, 1053707
List the prime factors of 2177266458.
2, 3, 83, 197, 22193
What are the prime factors of 740076825?
3, 5, 59, 167249
What are the prime factors of 2301330328?
2, 11, 41, 637841
List the prime factors of 55010894.
2, 23, 1039, 1151
What are the prime factors of 537700262?
2, 11, 173, 141277
What are the prime factors of 62833054?
2, 17, 1848031
What are the prime factors of 2511583320?
2, 3, 5, 83, 461, 547
What are the prime factors of 947189312?
2, 23, 101, 277
List the prime factors of 2406261416.
2, 13, 31, 461, 1619
What are the prime factors of 1181493815?
5, 19, 12436777
List the prime factors of 190314.
2, 3, 97, 109
What are the prime factors of 10545072?
2, 3, 219689
List the prime factors of 686745838.
2, 17, 97, 208231
What are the prime factors of 11414985?
3, 5, 193, 3943
What are the prime factors of 311327054?
2, 155663527
What are the prime factors of 3403858771?
37, 2741, 33563
What are the prime factors of 968497753?
31, 31241863
List the prime factors of 3932184445.
5, 7, 5659, 19853
List the prime factors of 134589336.
2, 3, 7, 801127
What are the prime factors of 1484946794?
2, 6101, 121697
List the prime factors of 759237840.
2, 3, 5, 313, 1123
List the prime factors of 307033625.
5, 41, 139, 431
What are the prime factors of 3243105?
3, 5, 24023
What are the prime factors of 4962830369?
7, 4793, 147919
What are the prime factors of 212782266?
2, 3, 11821237
List the prime factors of 459451606.
2, 229725803
What are the prime factors of 327524896?
2, 10235153
What are the prime factors of 22969182?
2, 3, 47, 1733
List the prime factors of 90385009.
11, 13, 23, 27481
List the prime factors of 250343381.
12893, 19417
List the prime factors of 2179461997.
35521, 61357
List the prime factors of 2233837.
1289, 1733
What are the prime factors of 131505156?
2, 3, 19, 192259
What are the prime factors of 1877388505?
5, 101, 3717601
What are the prime factors of 449287442?
2, 103, 2181007
List the prime factors of 340704014.
2, 7, 23, 41, 131, 197
What are the prime factors of 72658701?
3, 33223
What are the prime factors of 850865903?
3019, 281837
What are the prime factors of 1640912482?
2, 11, 37, 2015863
List the prime factors of 72570868.
2, 18142717
What are the prime factors of 1319356291?
11, 23, 474077
What are the prime factors of 1467084861?
3, 11, 14819039
List the prime factors of 609294664.
2, 11, 151, 45853
What are the prime factors of 1657137843?
3, 1193, 154339
What are the prime factors of 1847471311?
7, 17, 281, 55249
What are the prime factors of 627670809?
3, 29, 89, 9007
List the prime factors of 395853806.
2, 17, 11642759
What are the prime factors of 16581422?
2, 11, 13, 57977
What are the prime factors of 123027167?
71, 1732777
What are the prime factors of 203585197?
157, 1296721
List the prime factors of 9644514.
2, 3, 11, 19, 7691
List the prime factors of 44655864.
2, 3, 11, 169151
List the prime factors of 23883141.
3, 59, 2287
List the prime factors of 113680901.
113680901
List the prime factors of 174005558.
2, 41, 79, 26861
List the prime factors of 145745531.
61, 139, 17189
List the prime factors of 1409769797.
23, 61294339
List the prime factors of 3032185179.
3, 6781, 149053
List the prime factors of 33343195.
5, 19, 350981
List the prime factors of 564791992.
2, 1181, 59779
List the prime factors of 48191082.
2, 3, 59, 136133
What are the prime factors of 547230401?
977, 560113
What are the prime factors of 732245883?
3, 19, 12846419
List the prime factors of 2231423958.
2, 3, 31, 83, 144541
What are the prime factors of 307277072?
2, 1459, 13163
List the prime factors of 5117064377.
97, 52753241
What are the prime factors of 238436338?
2, 7, 17031167
List the prime factors of 2776728858.
2, 3, 773, 598691
List the prime factors of 1408391574.
2, 3, 41, 5725169
What are the prime factors of 43231805?
5, 8646361
List the prime factors of 790887715.
5, 5813, 27211
List the prime factors of 387541457.
387541457
List the prime factors of 31596824.
2, 7, 564229
List the prime factors of 702060996.
2, 3, 7, 13, 47, 13679
What are the prime factors of 80112099?
3, 26704033
What are the prime factors of 1481983673?
79, 103, 182129
List the prime factors of 518713157.
518713157
What are the prime factors of 37061774?
2, 18530887
What are the prime factors of 433844421?
3, 144614807
List the prime factors of 857421277.
179, 4790063
What are the prime factors of 13904939?
13904939
What are the prime factors of 241433491?
13, 149, 124643
List the prime factors of 311861351.
131, 2380621
List the prime factors of 887647947.
3, 19, 23, 677077
What are the prime factors of 134442898?
2, 19, 29, 6421
What are the prime factors of 3984364349?
7, 17497, 32531
What are the prime factors of 194895005?
5, 38979001
What are the prime factors of 30911511?
3, 10303837
List the prime factors of 1864181568.
2, 3, 173, 56123
What are the prime factors of 81726389?
81726389
List the prime factors of 42868358.
2, 13, 113, 14591
List the prime factors of 2692856979.
3, 1201, 249131
List the prime factors of 206037166.
2, 43, 241, 9941
What are the prime factors of 60638347?
7, 11, 277, 2843
What are the prime factors of 56810249?
56810249
List the prime factors of 70385491.
11, 17, 376393
What are the prime factors of 524867163?
3, 17, 37, 278149
What are the prime factors of 87652971?
3, 7, 1391317
List the prime factors of 283305269.
13, 179, 211, 577
List the prime factors of 65178452.
2, 2309, 7057
What are the prime factors of 45714526?
2, 11, 13, 1321
List the prime factors of 44174265.
3, 5, 1559, 1889
What are the prime factors of 1371424454?
2, 1297, 528691
List the prime factors of 514022381.
514022381
List the prime factors of 774051746.
2, 13, 1987, 14983
What are the prime factors of 45013262?
2, 7, 65617
What are the prime factors of 223513324?
2, 29, 1926839
List the prime factors of 2933830524.
2, 3, 6553, 37309
What are the prime factors of 421386037?
29, 569, 25537
List the prime factors of 239465122.
2, 13, 29, 317593
List the prime factors of 43577101.
43577101
What are the prime factors of 410882415?
3, 5, 43, 281, 2267
What are the prime factors of 761394573?
3, 1044437
List the prime factors of 146494442.
2, 71, 881, 1171
List the prime factors of 7243824336.
2, 3, 7, 83, 109, 2383
What are the prime factors of 304042077?
3, 353, 95701
List the prime factors of 215118404.
2, 29, 83, 22343
What are the prime factors of 161892423?
3, 7, 11, 23, 1451
What are the prime factors of 2757269702?
2, 11, 19, 6596339
List the prime factors of 187829916.
2, 3, 193, 81101
List the prime factors of 21710581.
17, 1277093
List the prime factors of 387444016.
2, 23, 797, 1321
List the prime factor